{"id":9722,"date":"2021-03-16T16:53:07","date_gmt":"2021-03-16T19:53:07","guid":{"rendered":"https:\/\/incofogao.com.br\/site\/?post_type=product&#038;p=9722"},"modified":"2026-03-30T18:55:17","modified_gmt":"2026-03-30T21:55:17","slug":"forno-colonial-porta-de-ferro-fundido-e-corpo-de-inox","status":"publish","type":"product","link":"https:\/\/incofogao.com.br\/site\/produto\/forno-colonial-porta-de-ferro-fundido-e-corpo-de-inox\/","title":{"rendered":"Forno Colonial Porta de Ferro Fundido e Corpo de Inox"},"content":{"rendered":"<p>Forno Colonial Porta de Ferro Fundido e Corpo de Inox<\/p>\n<p>Medidas: 48,5 x 33,5 x 28,5 cm ( DIMENS\u00d5ES DE ACORDO COM TAMANHO DE PORTA DISPON\u00cdVEL )<\/p>\n<p>* Dimens\u00f5es e modelos sujeitos a altera\u00e7\u00e3o sem pr\u00e9vio aviso.<\/p>\n","protected":false},"excerpt":{"rendered":"<p>Forno Colonial Porta de Ferro Fundido e Corpo de Inox Medidas: 48,5 x 33,5 x 28,5 cm ( DIMENS\u00d5ES DE ACORDO COM TAMANHO DE PORTA DISPON\u00cdVEL ) * Dimens\u00f5es e modelos sujeitos a altera\u00e7\u00e3o sem pr\u00e9vio aviso.<\/p>\n","protected":false},"featured_media":10139,"template":"","meta":[],"product_cat":[367],"product_tag":[],"class_list":{"0":"post-9722","1":"product","2":"type-product","3":"status-publish","4":"has-post-thumbnail","6":"product_cat-fornos-coloniais","8":"first","9":"instock","10":"shipping-taxable","11":"purchasable","12":"product-type-simple"},"_links":{"self":[{"href":"https:\/\/incofogao.com.br\/site\/wp-json\/wp\/v2\/product\/9722","targetHints":{"allow":["GET"]}}],"collection":[{"href":"https:\/\/incofogao.com.br\/site\/wp-json\/wp\/v2\/product"}],"about":[{"href":"https:\/\/incofogao.com.br\/site\/wp-json\/wp\/v2\/types\/product"}],"wp:featuredmedia":[{"embeddable":true,"href":"https:\/\/incofogao.com.br\/site\/wp-json\/wp\/v2\/media\/10139"}],"wp:attachment":[{"href":"https:\/\/incofogao.com.br\/site\/wp-json\/wp\/v2\/media?parent=9722"}],"wp:term":[{"taxonomy":"product_cat","embeddable":true,"href":"https:\/\/incofogao.com.br\/site\/wp-json\/wp\/v2\/product_cat?post=9722"},{"taxonomy":"product_tag","embeddable":true,"href":"https:\/\/incofogao.com.br\/site\/wp-json\/wp\/v2\/product_tag?post=9722"}],"curies":[{"name":"wp","href":"https:\/\/api.w.org\/{rel}","templated":true}]}}