{"id":9605,"date":"2021-03-16T15:45:11","date_gmt":"2021-03-16T18:45:11","guid":{"rendered":"https:\/\/incofogao.com.br\/site\/?post_type=product&#038;p=9605"},"modified":"2025-10-24T15:58:00","modified_gmt":"2025-10-24T18:58:00","slug":"chapa-campanha-650x450-mm","status":"publish","type":"product","link":"https:\/\/incofogao.com.br\/site\/produto\/chapa-campanha-650x450-mm\/","title":{"rendered":"Chapa Campanha 650&#215;450 mm"},"content":{"rendered":"<p>Chapa em ferro fundido polida<br \/>\nDimens\u00f5es em mm: 650 x 450<\/p>\n<p>* Chapas podem sofrer varia\u00e7\u00f5es de medidas.<br \/>\n* Dimens\u00f5es e modelos sujeitos a altera\u00e7\u00e3o sem pr\u00e9vio aviso.<\/p>\n","protected":false},"excerpt":{"rendered":"<p>Chapa em ferro fundido polida Dimens\u00f5es em mm: 650 x 450 * Chapas podem sofrer varia\u00e7\u00f5es de medidas. * Dimens\u00f5es e modelos sujeitos a altera\u00e7\u00e3o sem pr\u00e9vio aviso.<\/p>\n","protected":false},"featured_media":9606,"template":"","meta":[],"product_cat":[359],"product_tag":[],"class_list":{"0":"post-9605","1":"product","2":"type-product","3":"status-publish","4":"has-post-thumbnail","6":"product_cat-chapas-fogao-campeiro","8":"first","9":"instock","10":"featured","11":"shipping-taxable","12":"purchasable","13":"product-type-simple"},"_links":{"self":[{"href":"https:\/\/incofogao.com.br\/site\/wp-json\/wp\/v2\/product\/9605","targetHints":{"allow":["GET"]}}],"collection":[{"href":"https:\/\/incofogao.com.br\/site\/wp-json\/wp\/v2\/product"}],"about":[{"href":"https:\/\/incofogao.com.br\/site\/wp-json\/wp\/v2\/types\/product"}],"wp:featuredmedia":[{"embeddable":true,"href":"https:\/\/incofogao.com.br\/site\/wp-json\/wp\/v2\/media\/9606"}],"wp:attachment":[{"href":"https:\/\/incofogao.com.br\/site\/wp-json\/wp\/v2\/media?parent=9605"}],"wp:term":[{"taxonomy":"product_cat","embeddable":true,"href":"https:\/\/incofogao.com.br\/site\/wp-json\/wp\/v2\/product_cat?post=9605"},{"taxonomy":"product_tag","embeddable":true,"href":"https:\/\/incofogao.com.br\/site\/wp-json\/wp\/v2\/product_tag?post=9605"}],"curies":[{"name":"wp","href":"https:\/\/api.w.org\/{rel}","templated":true}]}}